{"id":11926,"date":"2025-02-02T10:46:55","date_gmt":"2025-02-02T09:46:55","guid":{"rendered":"https:\/\/chaire-mai.org\/observatoire\/?page_id=11926"},"modified":"2025-02-02T21:37:27","modified_gmt":"2025-02-02T20:37:27","slug":"quest-ce-que-lipsi","status":"publish","type":"page","link":"https:\/\/chaire-mai.org\/observatoire\/quest-ce-que-lipsi\/","title":{"rendered":"Qu&rsquo;est-ce que l&rsquo;IPSI ?"},"content":{"rendered":"\n<h2>\n\t\tQu&rsquo;est-ce que l&rsquo;Institution pour le Progr\u00e8s Social dans l&rsquo;Industrie (IPSI) ?\n\t<\/h2>\n\t<p>L&rsquo;institution est compos\u00e9e :<\/p>\n<ul>\n<li>des membres fondateurs des conventions de pr\u00e9retraites progressives \u00e0 l&rsquo;origine de l&rsquo;IPSAS et de l&rsquo;IPCS (le GESiM et les organisations syndicales CFDT, CFE-CGC, CFTC, CGT-FO),<\/li>\n<li>de membres actifs.<\/li>\n<\/ul>\n<p>Elle est administr\u00e9e par un conseil paritaire comprenant :<\/p>\n<ul>\n<li>4 membres d\u00e9sign\u00e9s par le Conseil d&rsquo;Administration du GESiM parmi les membres des comit\u00e9s de direction d&rsquo;entreprises de l&rsquo;industrie ou des personnalit\u00e9s reconnues pour leurs comp\u00e9tences et leur int\u00e9r\u00eat pour l&rsquo;objet de l&rsquo;Institution,<\/li>\n<li>4 membres d\u00e9sign\u00e9s par les organisations syndicales membres fondateurs de l&rsquo;Association parmi les responsables f\u00e9d\u00e9raux nationaux.<\/li>\n<\/ul>\n<p><strong><img loading=\"lazy\" decoding=\"async\" src=\"https:\/\/chaire-mai.org\/wp-content\/uploads\/2024\/04\/ipsi-300x162.png\" alt=\"\" width=\"292\" height=\"158\" \/><\/strong><\/p>\n<p>&nbsp;<\/p>\n<p><strong>L&rsquo;IPSI est une institution paritaire n\u00e9e le 6 d\u00e9cembre 2018 de la fusion absorption de l&rsquo;IPCS par l&rsquo;IPSAS.<\/strong><\/p>\n<p>Cette nouvelle institution a pour objet :<\/p>\n<ul>\n<li>de contribuer \u00e0 l&rsquo;am\u00e9lioration des dialogues (social, professionnel et strat\u00e9gique) dans les entreprises,<\/li>\n<\/ul>\n<ul>\n<li>de promouvoir un management responsabilisant, valorisant et source de performance dans la dur\u00e9e,<\/li>\n<\/ul>\n<ul>\n<li>de promouvoir un management par les comp\u00e9tences, avec son impact sur l&rsquo;organisation du travail,<\/li>\n<\/ul>\n<ul>\n<li>de contribuer \u00e0 toutes les innovations et exp\u00e9rimentations en mati\u00e8re sociale,<\/li>\n<\/ul>\n<ul>\n<li>d&rsquo;anticiper les \u00e9volutions n\u00e9cessaires \u00e0 la repr\u00e9sentation collective dans les entreprises,<\/li>\n<\/ul>\n<ul>\n<li>d&rsquo;observer voire d&rsquo;anticiper les mutations sociales et leurs cons\u00e9quences,<\/li>\n<\/ul>\n<ul>\n<li>de promouvoir les dispositifs favorisant le renouvellement g\u00e9n\u00e9ration\u00adnel et l&rsquo;attractivit\u00e9 de l&rsquo;industrie, et de fa\u00e7on plus globale \u00e0 s&rsquo;int\u00e9resser \u00e0 l&rsquo;ensemble des sujets dans le champ des Ressources Humaines (organi\u00adsation du travail, gestion des comp\u00e9tences, formation&#8230;).<\/li>\n<\/ul>\n<p>&nbsp;<\/p>\n<p><strong><em>Pr\u00e9sidence et Vice-pr\u00e9sidence altern\u00e9es<\/em><\/strong><\/p>\n<p><strong>Pr\u00e9sident : <\/strong>Xavier LE COQ<strong>\u00a0<\/strong>(Salari\u00e9)<\/p>\n<p><strong>Vice-pr\u00e9sident: <\/strong>Tristan LORMEAU\u00a0(Employeur)<\/p>\n<p><strong>Administrateurs Employeurs\u00a0:<\/strong>\u00a0Jacques LAUVERGNE, Tristan LORMEAU et Mireille RANDRETSA-COSTE<\/p>\n<p><strong>Administrateurs Salari\u00e9s\u00a0: <\/strong>Xavier LE COQ, Vivien ORLEACH et Paul RIBEIRO<\/p>\n<p><strong>Membres actifs<\/strong> : Bruno AZIERE, R\u00e9mi BOURGUIGNON, Jean-Baptiste ERTLE,\u00a0 Johnny FAVRE, Marcel GRIGNARD et Florent NOEL<\/p>\n<p><strong>Pour le GESiM\u00a0:<\/strong>\u00a0 Emmanuelle CHAPELIER (D\u00e9l\u00e9gu\u00e9e G\u00e9n\u00e9rale)<\/p>\n<p>&nbsp;<\/p>\n<p>&nbsp;<\/p>\n\n","protected":false},"excerpt":{"rendered":"","protected":false},"author":15,"featured_media":0,"parent":0,"menu_order":0,"comment_status":"closed","ping_status":"closed","template":"","meta":{"_seopress_robots_primary_cat":"","_seopress_titles_title":"","_seopress_titles_desc":"","_seopress_robots_index":"","footnotes":""},"class_list":["post-11926","page","type-page","status-publish"],"_links":{"self":[{"href":"https:\/\/chaire-mai.org\/observatoire\/wp-json\/wp\/v2\/pages\/11926","targetHints":{"allow":["GET"]}}],"collection":[{"href":"https:\/\/chaire-mai.org\/observatoire\/wp-json\/wp\/v2\/pages"}],"about":[{"href":"https:\/\/chaire-mai.org\/observatoire\/wp-json\/wp\/v2\/types\/page"}],"author":[{"embeddable":true,"href":"https:\/\/chaire-mai.org\/observatoire\/wp-json\/wp\/v2\/users\/15"}],"replies":[{"embeddable":true,"href":"https:\/\/chaire-mai.org\/observatoire\/wp-json\/wp\/v2\/comments?post=11926"}],"version-history":[{"count":5,"href":"https:\/\/chaire-mai.org\/observatoire\/wp-json\/wp\/v2\/pages\/11926\/revisions"}],"predecessor-version":[{"id":11947,"href":"https:\/\/chaire-mai.org\/observatoire\/wp-json\/wp\/v2\/pages\/11926\/revisions\/11947"}],"wp:attachment":[{"href":"https:\/\/chaire-mai.org\/observatoire\/wp-json\/wp\/v2\/media?parent=11926"}],"curies":[{"name":"wp","href":"https:\/\/api.w.org\/{rel}","templated":true}]}}